t n = 6893 + -6852. What is the remainder when s(6) is divided by n?
40
Let u(m) = -10*m**3 + 51*m**2 + 101*m + 2. What is the remainder when u(-2) is divided by 70?
14
Let r(f) = -50*f - 1. Let y(w) = 15*w**2 + 2*w. Let h be (8/12)/(4/(-6)). Calculate the remainder when r(-1) is divided by y(h).
10
Let l = 3020 + -2695. Calculate the remainder when l is divided by 94.
43
Let k be (-144)/(-30) - 2/(-10). Let v = 19 + -15. Suppose -101 = -5*z + 5*w + v, -z + 27 = k*w. Calculate the remainder when z is divided by 6.
4
Let k be (12/(-7))/(12/(-1722)). Suppose -5*n - 76 + k = 0. Calculate the remainder when n is divided by 18.
16
Let c(f) = f**3 - 29*f**2 + 26*f - 564. What is the remainder when c(29) is divided by 14?
8
What is the remainder when 30 is divided by ((-9)/6)/(((-9)/30)/3)?
0
Suppose -3*c = -c - 22. Suppose -c + 41 = 3*l. Calculate the remainder when 5 + 25 + -5 + 2 is divided by l.
7
Let n(b) = 52*b - 1553. Calculate the remainder when (-1 + 22/(-4))*-6 is divided by n(30).
4
Let h(d) = -d**2 + 252. Calculate the remainder when h(15) is divided by 16.
11
Let y(c) be the second derivative of -c**3/6 + 5*c**2 - 14*c. Calculate the remainder when y(-5) is divided by 10.
5
Suppose 0 = 2*n - 6 - 10. Suppose -5*r + r = 0. Suppose 6*l - 14 - 16 = r. What is the remainder when n is divided by l?
3
Suppose 0 = -3*y - 3 + 24. Let z = y + -53. What is the remainder when 26/(-13) - (z - -1) is divided by 15?
13
Suppose 9 + 3 = q. Let w(l) = -l**3 + 43*l**2 - 43*l + 65. What is the remainder when w(42) is divided by q?
11
Let g = 728 + -712. Calculate the remainder when (0 + -1)/(2/(-94)) is divided by g.
15
Suppose -n + 23 = -3*m, 2 = 2*n + 3*m + 1. Calculate the remainder when 171 is divided by n.
3
Suppose -2 = d - 15. Suppose -121*a + 120*a + 1 = 0, -102 = -j - a. Calculate the remainder when j is divided by d.
10
Let w = -43 - -67. What is the remainder when 47 is divided by w?
23
Suppose 0 = 4*b + 5*d + 32 - 173, -37 = -b - 3*d. Let o = 14 - 4. Calculate the remainder when b is divided by ((-36)/o)/(22/(-55)).
7
Suppose 4*t + 6 = 4*a - 14, 3*t - 27 = -4*a. Let g = a - -6. Suppose -3*l = 69 - 204. What is the remainder when l is divided by g?
9
Let q = -2513 + 2876. Calculate the remainder when q is divided by 88.
11
Suppose -8*v + 3*a = -4*v + 33, 16 = -2*v + 2*a. Let c(d) = -2*d + 5 - 3 + 13. What is the remainder when c(v) is divided by 12?
9
Let y = -5 + 8. Suppose -46 = -2*j + y*p - 5*p, -5*j + 122 = -2*p. Calculate the remainder when 118 is divided by j.
22
Let d = -2829 + 2841. What is the remainder when d is divided by 0/((-1)/1) - -5?
2
Let f(m) = m**2 + 9*m + 3. Suppose l + 3 + 3 = 0. Let o = l + 14. Calculate the remainder when o is divided by f(-9).
2
Let k = 45 - 10. What is the remainder when k is divided by (-37)/6*-2 + (-4)/12?
11
Let c(a) = -4*a**2 + 3. Let n(t) = -5*t**2 - t + 4. Let g(k) = -3*c(k) + 2*n(k). What is the remainder when 65 is divided by g(-2)?
10
Let h(a) = -2*a**3 - 19*a**2 + 15*a - 15. Let s(r) = -r**3 - r**2 + r - 1. Let x(c) = -h(c) + 3*s(c). Calculate the remainder when x(15) is divided by 20.
17
Suppose 98*g = 95*g - o + 478, 472 = 3*g - 5*o. Calculate the remainder when 176 is divided by g.
17
Let x be (4 - 10/2)*6. Let z = x - -49. Calculate the remainder when z is divided by 11.
10
Suppose -17*u + 276 = -14*u. What is the remainder when u is divided by 20?
12
Suppose -68 = 22*m - 332. What is the remainder when 46 + (-2)/(3 + -1) is divided by m?
9
Let d(s) be the third derivative of -s**4/24 + s**3/2 + s**2. Let y(b) = -5*b + 16. Let x be y(4). Calculate the remainder when 13 is divided by d(x).
6
Calculate the remainder when 1*2566*((-28)/(-8))/7 is divided by 12.
11
Let k(g) = -8*g - 6. Let z be k(3). Calculate the remainder when 27 is divided by (1/(-3))/(1/z).
7
Suppose 5*m = m + 20. Let d(u) = -u + 6. Let g be d(-1). Suppose 102 = m*j + g. Calculate the remainder when j is divided by 6.
1
Let k = -10 + 5. Suppose -66 + 10 = -4*n. What is the remainder when (-2 - (-17)/k)*-5 is divided by n?
13
Let t(o) = 43*o + 58. Calculate the remainder when t(3) is divided by 38.
35
Let g = -14 - -27. Let p = g + -9. Suppose -p*o = -13 - 95. Calculate the remainder when o is divided by 15.
12
Suppose 189*z - 182*z - 1757 = 0. Calculate the remainder when z is divided by 17.
13
Let q(a) = 6*a**2 + a + 1. Suppose 0 = -5*s + 49 - 19. Calculate the remainder when q(4) is divided by s.
5
Let l(d) = -d**3 + 49*d**2 - 49*d + 59. What is the remainder when 18 is divided by l(48)?
7
Let c = -72 - 25. Let x = c - -100. What is the remainder when 42 is divided by x?
0
Suppose -u = -86 - 6. Suppose 2*p + 69 + 29 = 3*h, -5*p - u = -3*h. What is the remainder when h is divided by 19?
15
Let m(x) = x**3 - 11*x**2 + 2*x + 6. Let k be m(10). Let w = -53 - k. Calculate the remainder when 122 is divided by w.
17
Let i(o) = 122*o - 67. What is the remainder when i(3) is divided by 106?
87
Let u = -4 - -4. Suppose u = 3*w + a - 1 - 10, 4*w + a = 16. What is the remainder when 17 is divided by w?
2
Let m(c) = c**2 - 2*c - 6. Suppose -45 = -2*b - 3*u - 127, -3*b + u = 112. Let g = -4 - b. Calculate the remainder when g is divided by m(-4).
16
Calculate the remainder when 160*2 + -1 - (4 - 7) is divided by 54.
52
Suppose -6*v = -4*v + 2*w - 42, 0 = -3*v - 4*w + 68. Suppose -19*x = -v*x - 78. Calculate the remainder when x is divided by 7.
5
Let h be 1/3 + (-8)/6. Let x(i) = 5*i**3 + 7*i**2 - 4*i + 8. Let y(q) = -q**3. Let m(n) = h*x(n) - 6*y(n). Calculate the remainder when m(7) is divided by 11.
9
What is the remainder when 6 is divided by ((-76)/57)/(12/(-27))?
0
Suppose 31*z = 25*z + 18. What is the remainder when 3 is divided by z?
0
Let v = -247 - -300. Calculate the remainder when v is divided by 29.
24
Suppose -5*x + 10*x - 2*o = 135, -4*o - 125 = -5*x. Calculate the remainder when x is divided by 6/8*30/(-9)*2/(-1).
4
What is the remainder when 142 is divided by (5/(-10))/((-884)/(-296) + -3)?
31
Let s(g) = g**3 - 24*g**2 + 7*g - 132. Calculate the remainder when s(24) is divided by 11.
3
Let z(o) = -2*o - 3. Let v be z(-2). Let b be 45*4/6*v. What is the remainder when 53 is divided by 4/10 - (-558)/b?
15
Let l = 331 - 327. Calculate the remainder when 4 is divided by l.
0
Suppose -17*y = -14*y + 5*k - 990, -1634 = -5*y - 3*k. What is the remainder when y is divided by 42?
31
Suppose -8*m + 2550 = 7*m. Calculate the remainder when m is divided by 54.
8
Let r = 552 + -483. What is the remainder when r is divided by 67?
2
Suppose 210 = 4*a + 2*a. Suppose 9*x + a = 14*x. Calculate the remainder when x is divided by 2.
1
Let w(h) = h**3 + 6*h**2 - 8*h + 14. Let m(z) = -z**3 - 13*z**2 + z + 6. Let t be m(-13). What is the remainder when 35 is divided by w(t)?
14
Let a(o) = 120*o**3 + o**2 - 5*o + 10. Calculate the remainder when a(2) is divided by 14.
12
Let c(r) = r + 1. Let d be c(1). Let n = -78 - -123. Suppose -n = -5*p + d*p. Calculate the remainder when p is divided by 4.
3
Suppose 46*o + 2*o = 3216. Suppose -4*d - 23 = -3. Let j = 22 + d. What is the remainder when o is divided by j?
16
Suppose 2*v = 8 + 6. Let q be (4/10)/(4/(-20)). Let n(r) = -2*r**3 + 2*r**2 - r + 1. Calculate the remainder when n(q) is divided by v.
6
Let m = -64 - -8. Suppose -f + 138 - 35 = 0. Let i = f + m. Calculate the remainder when i is divided by 12.
11
Suppose 2*g + 7 = d, 0 = -2*g - 1 - 1. Suppose 4*i - d*h - 15 = 0, 0 = i - 3*i - h - 3. Calculate the remainder when (-5 - -22)*(1 - i) is divided by 10.
7
Suppose 5*f - 8 = 4*s, 0*s + 3 = s. Let r(y) = y**3 + 9*y**2 - 45*y - 348. What is the remainder when f is divided by r(-10)?
0
Suppose -2*z = -3*h - 34, 68 = 10*z - 6*z + 5*h. Calculate the remainder when 47 is divided by z.
13
Suppose 20 = v - 2. Suppose 0 = -23*w + v*w. Suppose -y - 4*p + 36 = w, -p = -4*y + 22 + 37. Calculate the remainder when 79 is divided by y.
15
Let s(o) = o**2 + 3*o - 74. What is the remainder when 719 is divided by s(-14)?
79
Suppose -6 = -5*c - 4*k, -2*k + 1 = 3*c + 3*k. Suppose -2*h = -10 + c. Calculate the remainder when 22 is divided by h.
2
Let n = -65 - -83. Let m = -13 - -54. What is the remainder when m is divided by n/5*((-2)/4 - -3)?
5
Suppose 3*j - 4*j = -3*x - 101, 5*j = -3*x + 559. What is the 